inder when 27 is divided by b?
6
Let u = -2 + 18. Suppose -14*o + 86 + 628 = 0. Suppose 0 = 12*k - o - 21. What is the remainder when u is divided by k?
4
Let w be (4/(-8)*-4)/((-4)/6). What is the remainder when (-7)/(-1)*((-54)/42 - w) is divided by 8?
4
Let o = 76 + -23. Suppose -o*q + 51*q + 6 = 0. Suppose q*r = -6*r + 198. Calculate the remainder when 85 is divided by r.
19
Let h(i) = 3*i + 2. Suppose 3*g - 3*t - 29 = 2*t, -2*t = 8. What is the remainder when h(3) is divided by g?
2
Let c = 10 + -25. Suppose -q - 188 = -4*u, -4*q = 4*u + u - 214. Calculate the remainder when u is divided by ((-40)/c)/((-2)/(-9)).
10
Let j = 109 - 90. Let a(u) = -2*u**3 - 4*u**2 - 3*u - 1. Calculate the remainder when j is divided by a(-2).
4
Let u = 469 - 441. Calculate the remainder when 73 is divided by u.
17
Let t = -793 + 859. Calculate the remainder when 123 is divided by t.
57
Let p(s) = 10*s**3 + s**2 + s. Let v be p(2). Suppose v + 16 = 3*y. What is the remainder when 167 is divided by y?
31
Let c(d) = -d**2 - 7*d + 179. Calculate the remainder when 565 is divided by c(-14).
79
Let l(z) = -z**3 + 3*z**2 + 7*z - 10. Let h be 66/15 - (-4)/(-10). Let w be l(h). Suppose -4*c + 22 = -w. Calculate the remainder when c is divided by 4.
2
Let n = -1371 + 1382. Let i = -35 - -58. Suppose 3*c = 12, -c = 3*z - i - 2. What is the remainder when n is divided by z?
4
Let i = 77 - -12. What is the remainder when i is divided by 18?
17
Suppose -19*o + 26*o - 84 = 0. What is the remainder when 490 is divided by o?
10
Let i = -7 - -8. Let y be 8 + 1 - (i + 0). What is the remainder when 8 is divided by 2*6/y*2?
2
Let r(c) = c**3 + 15*c**2 - 34*c - 55. Calculate the remainder when r(-15) is divided by 77.
70
Suppose 5*b = -0*b + 500. Suppose -10*z + b = -6*z. Calculate the remainder when z is divided by 4.
1
Suppose -2*c = -3*c + 7. Let v(l) = l**3 - 9*l**2 + 15*l + 12. Suppose -216 = -4*w - 0*w. Calculate the remainder when w is divided by v(c).
16
Let k(s) = 2*s + 15. Let f be k(5). Suppose 10 = -3*w + f. Suppose 0 = w*z - 141 + 41. Calculate the remainder when 58 is divided by z.
18
Suppose 2*x = -u + 13, -3*x + 2*u - 1 + 3 = 0. Let y be 7/5 - 16/40. What is the remainder when (y/(-2))/((-5)/60) is divided by x?
2
Suppose 0 = 11*g + 251 - 9. Let o = g - -27. What is the remainder when o is divided by 2?
1
Let y(u) = 14*u**2 + u - 3 - 6*u**2 + 2*u - u**3. Let i(d) = 2*d**2 - 7*d + 4. Let r be i(4). What is the remainder when y(r) is divided by 8?
5
Let o = 397 + -378. What is the remainder when 812 is divided by o?
14
What is the remainder when (489/4)/(72/96) is divided by 28?
23
Suppose -4*c + 508 = -4*j, 5*j - 48 = -c + 73. What is the remainder when c is divided by 45?
36
Let s(a) = 26*a**2 - 5*a + 3. Suppose 5*q = -3*z - 9, 4*q = 2*z + z - 18. What is the remainder when s(z) is divided by 14?
13
Let l(q) = q**2 + 9*q + 3. Let v be l(-6). Suppose 0 = -3*r + 9, 0 = 2*k - 3*k - 2*r + 28. Let h = v + k. What is the remainder when h is divided by 3?
1
Let l be (-8)/6*(-18)/6. Suppose 12 = l*n - o, -2*o = o - 12. What is the remainder when (-1)/(n/16) - -16 is divided by 5?
2
Let s(h) = 48*h - 196. What is the remainder when 416 is divided by s(7)?
136
Let y be (-29)/(-1)*(-4 - -3). Let x = y + 34. Calculate the remainder when 13 is divided by x.
3
Suppose 0 = t + t - 4*t. Suppose 5*y - 7*s + 2*s - 40 = 0, t = -2*s - 4. Calculate the remainder when 65 is divided by y.
5
Suppose 0 = 469*k - 466*k - 243. What is the remainder when k is divided by 41?
40
Let b(y) = -112*y + 16. Calculate the remainder when b(-1) is divided by 24.
8
Suppose 3*s - 47 - 398 = 2*a, 624 = 4*s + 5*a. Calculate the remainder when s is divided by 5.
1
Suppose -8 + 24 = 4*i. Suppose 0*d - 2*d + 48 = i*x, -2*x - 4*d = -36. Suppose -j - 4*j + 90 = 0. What is the remainder when j is divided by x?
8
Suppose -5*f + 113 + 297 = 0. Let x = -4044 + 4065. Calculate the remainder when f is divided by x.
19
Let j = -109 + 156. What is the remainder when j is divided by 25?
22
Suppose 0 = -3*n + 5*h + 27, 0 = 2*n + 4*h + 5 - 1. Calculate the remainder when 59 - 2/(-5 + n) is divided by 16.
13
Let x = -455 - -581. Calculate the remainder when x is divided by 68.
58
Suppose o - 4*i - 24 = 0, 3*o - 3*i - 72 = -8*i. What is the remainder when 118 is divided by o?
22
Calculate the remainder when 338 is divided by 688/18 + (-26)/117.
34
Suppose -4*k - 5*n = 1365, -874 = 4*k - n + 461. Let i be (-3 - 0 - -4)*k. Let t = -218 - i. What is the remainder when t is divided by 30?
27
Let z = 743 - 618. What is the remainder when z is divided by 9?
8
Let c = 1973 - 1926. Let r = 0 - 18. What is the remainder when c is divided by 146/9 - (-4)/r?
15
Calculate the remainder when 591 is divided by 32/(-4) + 2 + 80.
73
Suppose 89*u - 830 = 84*u. What is the remainder when u is divided by 44?
34
Suppose -5*r + 35 - 103 = -o, o + 4*r = 95. What is the remainder when 245 is divided by o?
79
Let c = -700 - -1012. Suppose 2*x - 6*x = -c. Suppose -2*y + 15 = -5*w, -9*y + 12*y + w - 65 = 0. Calculate the remainder when x is divided by y.
18
Suppose 3*v = -v + 10*v. Suppose v = -3*j + 9*j - 246. What is the remainder when j is divided by 11?
8
Suppose u - 4*g - 192 = -3*u, -2*g = -5*u + 234. What is the remainder when 219 is divided by u?
35
Let d = -43 + 114. Suppose 3*l - 9 = -3*f, -4*l - 3*f + 12 = 1. Suppose -9 = 3*b, -5 = 5*q - l*b - d. Calculate the remainder when 47 is divided by q.
11
Suppose l - 5*u + 10 = 0, l - u = 2*u - 6. Let a(m) = m**2 + m - 10. Let z be a(l). Let t = -1 - z. What is the remainder when t is divided by 3?
0
Suppose 5*g - 12 = g. Let a be 7 - (g - (-2 - -3)). Calculate the remainder when 42 is divided by 76/5 - 1/a.
12
Suppose -82 = -4*g + 270. Calculate the remainder when g is divided by 15.
13
Suppose 11*h - 291 + 115 = 0. Let n be ((-22)/(-6))/(7/(-21)). What is the remainder when 2410/55 + (-2)/n is divided by h?
12
Let q = 96 + -48. Suppose -3 = -3*i + 4*i, 0 = -2*f + 4*i + 20. Suppose z - 98 = -f*o, 6*z - 3*z + 81 = 3*o. Calculate the remainder when q is divided by o.
23
Suppose -4*o + l - 12 = 0, 0 = -3*o - 3*l - 23 - 1. Calculate the remainder when 60 is divided by -4*(4/2 + 15/o).
4
Let v(m) = 26*m**2 - m. Calculate the remainder when v(-1) is divided by 14.
13
Let y = -677 + 702. What is the remainder when 73 is divided by y?
23
Suppose -100 = -16*t + 316. Calculate the remainder when 73 is divided by t.
21
Suppose 0 = -v + 2*u - u - 4, u = -2*v + 7. Let m be v - (-1)/(-1) - -15. Let q = 20 - m. What is the remainder when 9 is divided by q?
4
Suppose 38*x - 42*x + 3264 = 0. Suppose -18*n = -22*n + x. What is the remainder when n is divided by 41?
40
Let o(l) = -26*l - 127. Calculate the remainder when o(-5) is divided by 3.
0
Suppose 3*r + 2*p = 6*r - 104, -10 = -2*p. What is the remainder when r is divided by (-1)/3 - (344/(-24) + 6)?
6
Let t be 36/10*40/(-6). Let z = t + 9. Let g = 25 + z. Calculate the remainder when 27 is divided by g.
7
Let r = 1373 + -1349. What is the remainder when (238/6)/((-2)/(-6)) is divided by r?
23
What is the remainder when 574 is divided by 4 - (4 - (3 - 1))*-22?
46
Suppose g - a - 53 = 0, 77 = 2*g - 5*a - 35. Let b = 97 - g. Let c = -1 - -17. Calculate the remainder when b is divided by c.
14
Let b(q) = 4*q**2 - 13*q + 17. What is the remainder when b(6) is divided by 40?
3
Suppose 5592 = 9*y + 3*y. Calculate the remainder when y is divided by 26.
24
Let o(l) = -7*l**3 - 17*l**2 - 29*l + 29. Let w(s) = 2*s**2 - s - 4. What is the remainder when o(-3) is divided by w(3)?
9
Let x(n) = 2*n + 2. Let l be x(10). Let u(r) = -r - 6. Let p be u(6). Let a = p + l. Calculate the remainder when 28 is divided by a.
8
Suppose v = -4*v + 75. Let g be (-3)/7 + 279/63. Suppose -v = -g*w + w. What is the remainder when 8 is divided by w?
3
Suppose 3*s = -s - 28. Let z(a) = a**3 + 5*a**2 - 16*a + 1. Suppose 0*c + 86 = 2*c - 3*u, 4*c = -u + 172. Calculate the remainder when c is divided by z(s).
13
Let c = 56 + -28. Suppose c = -2*v + 38. What is the remainder when 102 is divided by 1 - (3 - v) - -32?
32
Let y(g) = g**3 - 12*g**2 + 13*g + 2. Let z be y(12). Suppose z + 452 = 5*v. Calculate the remainder when v is divided by 25.
22
Let y(h) = -h**2 - 5*h - 2*h**2 - 2*h - 3.